{"id":6,"date":"2009-05-02T22:49:30","date_gmt":"2009-05-02T20:49:30","guid":{"rendered":"http:\/\/www.mogandi.de\/?page_id=6"},"modified":"2015-08-15T15:11:47","modified_gmt":"2015-08-15T13:11:47","slug":"lebenslauf-und-profil","status":"publish","type":"page","link":"http:\/\/www.mogandi.de\/?page_id=6","title":{"rendered":"Biographie"},"content":{"rendered":"<p>Als Sohn eines intakianischen Farmers, verstirbt Mogandis\u00a0Mutter schon bei der Geburt. Obwohl es zu Beginn so aussieht als w\u00fcrde der kleine Junge auf ewig auf diesem Planeten bleiben, hat das Schicksal mehr f\u00fcr ihn geplant. Als n\u00e4mlich ein amarrisches Kriegsschiff auf einem der Felder seines Vaters abst\u00fcrtzt und Mogandi dabei beinahe ums Leben kommt, f\u00fchlt sich ein amarrischer Priester Namens Urera f\u00fcr ihn verantworlich. Dieser nimmt ihn schlie\u00dflich im Alter von 14 Jahren mit in sein Kloster, wo er in die Lehren seines Ordens eingef\u00fchrt wird.<\/p>\n<p><em>Und die Geschichte geht weiter&#8230;<\/em><\/p>\n","protected":false},"excerpt":{"rendered":"<p>Als Sohn eines intakianischen Farmers, verstirbt Mogandis\u00a0Mutter schon bei der Geburt. Obwohl es zu Beginn so aussieht als w\u00fcrde der kleine Junge auf ewig auf diesem Planeten bleiben, hat das Schicksal mehr f\u00fcr ihn geplant. Als n\u00e4mlich ein amarrisches Kriegsschiff auf einem der Felder seines Vaters abst\u00fcrtzt und Mogandi dabei beinahe ums Leben kommt, f\u00fchlt [&hellip;]<\/p>\n","protected":false},"author":2,"featured_media":0,"parent":0,"menu_order":0,"comment_status":"closed","ping_status":"closed","template":"","meta":{"footnotes":""},"class_list":["post-6","page","type-page","status-publish","hentry"],"_links":{"self":[{"href":"http:\/\/www.mogandi.de\/index.php?rest_route=\/wp\/v2\/pages\/6","targetHints":{"allow":["GET"]}}],"collection":[{"href":"http:\/\/www.mogandi.de\/index.php?rest_route=\/wp\/v2\/pages"}],"about":[{"href":"http:\/\/www.mogandi.de\/index.php?rest_route=\/wp\/v2\/types\/page"}],"author":[{"embeddable":true,"href":"http:\/\/www.mogandi.de\/index.php?rest_route=\/wp\/v2\/users\/2"}],"replies":[{"embeddable":true,"href":"http:\/\/www.mogandi.de\/index.php?rest_route=%2Fwp%2Fv2%2Fcomments&post=6"}],"version-history":[{"count":24,"href":"http:\/\/www.mogandi.de\/index.php?rest_route=\/wp\/v2\/pages\/6\/revisions"}],"predecessor-version":[{"id":287,"href":"http:\/\/www.mogandi.de\/index.php?rest_route=\/wp\/v2\/pages\/6\/revisions\/287"}],"wp:attachment":[{"href":"http:\/\/www.mogandi.de\/index.php?rest_route=%2Fwp%2Fv2%2Fmedia&parent=6"}],"curies":[{"name":"wp","href":"https:\/\/api.w.org\/{rel}","templated":true}]}}